0 is divided by 547.
486
Calculate the remainder when 1876030 is divided by 19541.
94
Calculate the remainder when 2740504 is divided by 368.
8
Calculate the remainder when 9588458 is divided by 7129.
7082
Calculate the remainder when 15944218 is divided by 12.
10
What is the remainder when 3004685 is divided by 82?
41
What is the remainder when 55656 is divided by 47?
8
Calculate the remainder when 170802 is divided by 34.
20
Calculate the remainder when 9580983 is divided by 3193632.
87
What is the remainder when 25168300 is divided by 1519?
1508
What is the remainder when 160254 is divided by 998?
574
Calculate the remainder when 22328336 is divided by 338308.
8
Calculate the remainder when 17076 is divided by 8531.
14
Calculate the remainder when 5700939 is divided by 277.
2
Calculate the remainder when 2970330 is divided by 82.
44
What is the remainder when 9850349 is divided by 14380?
49
Calculate the remainder when 3344907 is divided by 308.
27
Calculate the remainder when 572183 is divided by 28609.
3
What is the remainder when 160565 is divided by 160550?
15
What is the remainder when 73771 is divided by 576?
43
Calculate the remainder when 5444620 is divided by 40.
20
Calculate the remainder when 936085 is divided by 37.
22
What is the remainder when 435453 is divided by 1213?
1199
Calculate the remainder when 586989 is divided by 586951.
38
What is the remainder when 756180 is divided by 756152?
28
Calculate the remainder when 8609 is divided by 173.
132
What is the remainder when 75203 is divided by 24989?
236
What is the remainder when 404047 is divided by 525?
322
What is the remainder when 2408353 is divided by 486?
223
What is the remainder when 1818449 is divided by 11429?
1238
What is the remainder when 97429 is divided by 946?
937
Calculate the remainder when 3053055 is divided by 95.
40
What is the remainder when 4295545 is divided by 477282?
7
Calculate the remainder when 7074 is divided by 2884.
1306
What is the remainder when 177637 is divided by 5579?
4688
What is the remainder when 1279279194 is divided by 129?
126
Calculate the remainder when 389549 is divided by 1727.
974
Calculate the remainder when 4331223 is divided by 889.
15
What is the remainder when 815792 is divided by 116498?
306
What is the remainder when 305088 is divided by 1763?
89
Calculate the remainder when 370029 is divided by 6771.
4395
What is the remainder when 478631 is divided by 9202?
127
What is the remainder when 191737 is divided by 47563?
1485
What is the remainder when 281134978 is divided by 7245?
7243
Calculate the remainder when 64595 is divided by 2293.
391
What is the remainder when 241115 is divided by 32?
27
Calculate the remainder when 10604 is divided by 663.
659
Calculate the remainder when 5484045 is divided by 62.
21
Calculate the remainder when 2879878 is divided by 1425.
1378
Calculate the remainder when 126480 is divided by 3417.
51
Calculate the remainder when 4327797 is divided by 14821.
65
Calculate the remainder when 83993846 is divided by 68.
42
Calculate the remainder when 3615380 is divided by 230.
10
Calculate the remainder when 5146470 is divided by 835.
365
What is the remainder when 3439071 is divided by 9146?
175
What is the remainder when 369528738 is divided by 1357?
1354
What is the remainder when 193231 is divided by 8481?
6649
Calculate the remainder when 540766 is divided by 27.
10
What is the remainder when 58940788 is divided by 7?
4
Calculate the remainder when 229099 is divided by 126.
31
Calculate the remainder when 2919000 is divided by 5269.
5243
What is the remainder when 8424177 is divided by 1657?
1646
Calculate the remainder when 5091390 is divided by 254556.
270
What is the remainder when 33527640 is divided by 8659?
8651
Calculate the remainder when 2731973 is divided by 910649.
26
Calculate the remainder when 47401347 is divided by 6979.
6958
Calculate the remainder when 1247433 is divided by 11226.
1347
Calculate the remainder when 1561726 is divided by 2621.
2231
Calculate the remainder when 1530491 is divided by 191310.
11
What is the remainder when 22600 is divided by 495?
325
Calculate the remainder when 30625555 is divided by 120.
115
Calculate the remainder when 19254970 is divided by 121.
119
Calculate the remainder when 1458024940 is divided by 4546.
4544
Calculate the remainder when 582830 is divided by 387.
8
Calculate the remainder when 2128689 is divided by 37331.
822
Calculate the remainder when 51202579 is divided by 33.
10
What is the remainder when 25627467 is divided by 28?
19
What is the remainder when 10231722 is divided by 3410573?
3
What is the remainder when 2632780 is divided by 87?
73
What is the remainder when 771882410 is divided by 721?
719
Calculate the remainder when 11150 is divided by 222.
50
Calculate the remainder when 2919037 is divided by 1979.
12
What is the remainder when 66077 is divided by 1649?
117
What is the remainder when 1163772 is divided by 22?
16
What is the remainder when 230803 is divided by 115285?
233
What is the remainder when 90433 is divided by 712?
9
What is the remainder when 159944 is divided by 53305?
29
What is the remainder when 225868 is divided by 56460?
28
Calculate the remainder when 19411 is divided by 2529.
1708
Calculate the remainder when 21905494 is divided by 199.
171
Calculate the remainder when 38170 is divided by 3302.
1848
Calculate the remainder when 169132621 is divided by 627.
625
Calculate the remainder when 90807 is divided by 3603.
732
What is the remainder when 38795369 is divided by 622?
607
Calculate the remainder when 94197841 is divided by 47098915.
11
Calculate the remainder when 4739366 is divided by 121522.
8
What is the remainder when 116686 is divided by 12?
10
Calculate the remainder when 23935 is divided by 1501.
1420
What is the remainder when 52610 is divided by 124?
34
Calculate the remainder when 3056291 is divided by 17170.
31
Calculate the remainder when 18183031 is divided by 99.
97
Calculate the remainder when 46021 is divided by 911.
471
Calculate the remainder when 522309 is divided by 96.
69
Calculate the remainder when 75356 is divided by 176.
28
Calculate the remainder when 310617 is divided by 310563.
54
Calculate the remainder when 163556 is divided by 54387.
395
What is the remainder when 19241531 is divided by 9903?
2
What is the remainder when 574804 is divided by 2832?
2740
Calculate the remainder when 27992 is divided by 3477.
176
What is the remainder when 1189620 is divided by 852?
228
Calculate the remainder when 1116331 is divided by 431.
41
Calculate the remainder when 40190 is divided by 558.
14
Calculate the remainder when 8005 is divided by 3880.
245
Calculate the remainder when 144974196 is divided by 25.
21
Calculate the remainder when 46100729 is divided by 2411.
2409
What is the remainder when 2901005 is divided by 133?
9
Calculate the remainder when 1299928 is divided by 324801.
724
What is the remainder when 44675 is divided by 1377?
611
What is the remainder when 13300719 is divided by 80?
79
Calculate the remainder when 281277 is divided by 5052.
3417
Calculate the remainder when 20012585 is divided by 6670860.
5
Calculate the remainder when 4279032 is divided by 4279012.
20
Calculate the remainder when 60919436 is divided by 10.
6
Calculate the remainder when 987907 is divided by 2823.
2680
Calculate the remainder when 88547 is divided by 29448.
203
Calculate the remainder when 622167 is divided by 68391.
6648
What is the remainder when 347390 is divided by 195?
95
Calculate the remainder when 297807 is divided by 5996.
4003
Calculate the remainder when 129257 is divided by 7597.
108
What is the remainder when 49719 is divided by 167?
120
What is the remainder when 1052144 is divided by 1678?
38
What is the remainder when 123298654 is divided by 1459?
23
Calculate the remainder when 1062844 is divided by 25.
19
Calculate the remainder when 716611 is divided by 238868.
7
What is the remainder when 7458502 is divided by 1864619?
26
Calculate the remainder when 1056089 is divided by 62122.
15
What is the remainder when 19482147 is divided by 256344?
3
Calculate the remainder when 360214 is divided by 72000.
214
What is the remainder when 644115 is divided by 740?
